it of 21031?
0
What is the hundreds digit of 12804?
8
What is the units digit of 578?
8
What is the units digit of 975?
5
What is the tens digit of 675?
7
What is the hundreds digit of 928?
9
What is the units digit of 48055?
5
What is the units digit of 1936?
6
What is the thousands digit of 106798?
6
What is the tens digit of 1484?
8
What is the units digit of 321?
1
What is the hundreds digit of 3326?
3
What is the units digit of 28474?
4
What is the hundreds digit of 51067?
0
What is the tens digit of 2699?
9
What is the thousands digit of 4000?
4
What is the hundreds digit of 442?
4
What is the hundreds digit of 948?
9
What is the units digit of 7733?
3
What is the hundreds digit of 53130?
1
What is the thousands digit of 31241?
1
What is the tens digit of 5411?
1
What is the hundreds digit of 358?
3
What is the tens digit of 235?
3
What is the units digit of 32523?
3
What is the units digit of 2077?
7
What is the hundreds digit of 1193?
1
What is the thousands digit of 85338?
5
What is the tens digit of 29231?
3
What is the hundreds digit of 5424?
4
What is the tens digit of 14921?
2
What is the tens digit of 1667?
6
What is the thousands digit of 3300?
3
What is the units digit of 519?
9
What is the units digit of 4519?
9
What is the thousands digit of 27607?
7
What is the tens digit of 4625?
2
What is the units digit of 824?
4
What is the ten thousands digit of 18434?
1
What is the tens digit of 188742?
4
What is the tens digit of 25572?
7
What is the thousands digit of 2094?
2
What is the thousands digit of 31374?
1
What is the hundreds digit of 31543?
5
What is the tens digit of 3132?
3
What is the hundreds digit of 834?
8
What is the hundreds digit of 107682?
6
What is the hundreds digit of 204?
2
What is the hundreds digit of 60829?
8
What is the units digit of 544?
4
What is the hundreds digit of 1723?
7
What is the thousands digit of 9911?
9
What is the units digit of 175070?
0
What is the ten thousands digit of 11031?
1
What is the thousands digit of 2441?
2
What is the tens digit of 4300?
0
What is the hundreds digit of 400?
4
What is the hundreds digit of 106?
1
What is the hundreds digit of 480?
4
What is the tens digit of 16543?
4
What is the units digit of 37643?
3
What is the units digit of 7203?
3
What is the units digit of 24717?
7
What is the units digit of 396?
6
What is the thousands digit of 64344?
4
What is the tens digit of 826?
2
What is the tens digit of 30490?
9
What is the units digit of 13298?
8
What is the units digit of 2584?
4
What is the hundreds digit of 83939?
9
What is the tens digit of 26816?
1
What is the hundreds digit of 1004?
0
What is the hundreds digit of 1749?
7
What is the tens digit of 5313?
1
What is the tens digit of 62814?
1
What is the thousands digit of 29220?
9
What is the units digit of 53313?
3
What is the thousands digit of 2182?
2
What is the thousands digit of 8224?
8
What is the tens digit of 2129?
2
What is the hundreds digit of 565?
5
What is the units digit of 9157?
7
What is the hundreds digit of 28756?
7
What is the tens digit of 28284?
8
What is the units digit of 47711?
1
What is the units digit of 1988?
8
What is the ten thousands digit of 25060?
2
What is the units digit of 15241?
1
What is the tens digit of 2653?
5
What is the hundreds digit of 19220?
2
What is the hundreds digit of 2226?
2
What is the ten thousands digit of 12189?
1
What is the tens digit of 9677?
7
What is the ten thousands digit of 53687?
5
What is the units digit of 1095?
5
What is the tens digit of 10918?
1
What is the units digit of 13622?
2
What is the units digit of 5?
5
What is the tens digit of 867?
6
What is the ten thousands digit of 13058?
1
What is the units digit of 21994?
4
What is the tens digit of 180?
8
What is the tens digit of 49898?
9
What is the thousands digit of 7042?
7
What is the units digit of 91944?
4
What is the thousands digit of 6133?
6
What is the hundreds digit of 6650?
6
What is the units digit of 7372?
2
What is the hundreds digit of 3193?
1
What is the hundreds digit of 136?
1
What is the hundreds digit of 873?
8
What is the units digit of 1704?
4
What is the hundreds digit of 3022?
0
What is the thousands digit of 2268?
2
What is the hundreds digit of 14518?
5
What is the thousands digit of 4099?
4
What is the ten thousands digit of 26071?
2
What is the thousands digit of 48602?
8
What is the thousands digit of 5615?
5
What is the hundred thousands digit of 136835?
1
What is the units digit of 25177?
7
What is the tens digit of 1194?
9
What is the hundreds digit of 226?
2
What is the tens digit of 10544?
4
What is the hundreds digit of 6832?
8
What is the ten thousands digit of 76954?
7
What is the units digit of 84856?
6
What is the hundreds digit of 611?
6
What is the thousands digit of 1449?
1
What is the ten thousands digit of 19119?
1
What is the thousands digit of 13556?
3
What is the tens digit of 1497?
9
What is the hundreds digit of 5050?
0
What is the tens digit of 13?
1
What is the thousands digit of 3592?
3
What is the thousands digit of 7149?
7
What is the thousands digit of 1863?
1
What is the units digit of 14949?
9
What is the units digit of 279?
9
What is the hundreds digit of 2394?
3
What is the thousands digit of 6823?
6
What is the units digit of 573?
3
What is the tens digit of 1823?
2
What is the units digit of 1072?
2
What is the thousands digit of 6860?
6
What is the ten thousands digit of 91970?
9
What is the tens digit of 787?
8
What is the units digit of 191?
1
What is the thousands digit of 15498?
5
What is the thousands digit of 1140?
1
What is the units digit of 5860?
0
What is the thousands digit of 21630?
1
What is the units digit of 1391?
1
What is the tens digit of 386?
8
What is the units digit of 5144?
4
What is the tens digit of 13345?
4
What is the thousands digit of 74390?
4
What is the units digit of 114?
4
What is the tens digit of 717?
1
What is the units digit of 158?
8
What is the thousands digit of 44105?
4
What is the hundreds digit of 61655?
6
What is the thousands digit of 1536?
1
What is the units digit of 1610?
0
What is the hundreds digit of 490?
4
What is the units digit of 393?
3
What is the units digit of 1315?
5
What is the tens digit of 277?
7
What is the tens digit of 146?
4
What is the units digit of 8412?
2
What is the hundreds digit of 2764?
7
What is the thousands digit of 8128?
8
What is the hundreds digit of 102?
1
What is the ten thousands digit of 21769?
2
What is the units digit of 373?
3
What is the thousands digit of 1074?
1
What is the hundreds digit of 15455?
4
What is the thousands digit of 7298?
7
What is the hundreds digit of 9026?
0
What is the units digit of 2717?
7
What is the units digit of 475?
5
What is the hundreds digit of 23981?
9
What is the tens digit of 81452?
5
What is the units digit of 80460?
0
What is the thousands digit of 23775?
3
What is the thousands digit of 5170?
5
What is the thousands digit of 3002?
3
What is the tens digit of 18824?
2
What is the units digit of 25254?
4
What is the units digit of 852?
2
What is the hundreds digit of 8495?
4
What is the hundreds digit of 555?
5
What is the ten thousands digit of 29752?
2
What is the units digit of 1558?
8
What is the units digit of 4268?
8
What is the tens digit of 544?
4
What is the tens digit of 2983?
8
What is the hundreds digit of 506?
5
What is the hundreds digit of 220?
2
What is the units digit of 2307?
7
What is the units digit of 2768?
8
What is the units digit of 75677?
7
What is the tens digit of 6380?
8
What is the tens digit of 2658?
5
What is the tens digit of 120?
2
What is the tens digit of 16?
1
What is the units digit of 2560?
0
What is the hundreds digit of 4742?
7
What is the tens digit of 919?
1
What is the thousands digit of 7360?
7
What is the units digit of 72?
2
What is the tens digit of 676?
7
What is the ten thousands digit of 19586?
1
What is the tens digit of 65888?
8
What is the hundreds digit of 1984?
9
What is the hundreds digit of 3328?
3
What is the thousands digit of 10136?
0
What is the thousands digit of 8643?
8
What is the units digit of 50019?
9
What is the units digit of 45051?
1
What is the units digit of 58257?
7
What is the units digit of 8020?
0
What is the hundreds digit of